e the prime factors of 480536?
2, 7, 8581
List the prime factors of 3711411.
3, 11, 37489
List the prime factors of 14522755.
5, 13, 373, 599
List the prime factors of 534263.
439, 1217
What are the prime factors of 10689414?
2, 3, 1781569
What are the prime factors of 325232?
2, 20327
List the prime factors of 591020.
2, 5, 29, 1019
List the prime factors of 139234.
2, 43, 1619
List the prime factors of 929873.
7, 2711
List the prime factors of 18913346.
2, 641, 14753
What are the prime factors of 1790248?
2, 223781
List the prime factors of 1149159.
3, 11, 97, 359
List the prime factors of 30323757.
3, 37, 273187
What are the prime factors of 1058490?
2, 3, 5, 19, 619
List the prime factors of 1306976.
2, 11, 47, 79
List the prime factors of 615401.
615401
List the prime factors of 1042118.
2, 7, 11, 67, 101
What are the prime factors of 241144?
2, 43, 701
What are the prime factors of 1729846?
2, 577, 1499
What are the prime factors of 1312033?
109, 12037
List the prime factors of 5220075.
3, 5, 7, 61, 163
List the prime factors of 3611705.
5, 722341
What are the prime factors of 925307?
925307
What are the prime factors of 1426177?
53, 71, 379
List the prime factors of 8457108.
2, 3, 11, 79, 811
List the prime factors of 162567.
3, 223
List the prime factors of 8600258.
2, 43, 100003
List the prime factors of 392478.
2, 3, 65413
List the prime factors of 2595936.
2, 3, 7, 3863
List the prime factors of 259911.
3, 28879
What are the prime factors of 438245?
5, 87649
List the prime factors of 377316.
2, 3, 47, 223
What are the prime factors of 1340063?
853, 1571
List the prime factors of 683388.
2, 3, 41, 463
List the prime factors of 8422979.
31, 167, 1627
What are the prime factors of 6018706?
2, 19, 149, 1063
List the prime factors of 278342.
2, 29, 4799
List the prime factors of 228230.
2, 5, 29, 787
What are the prime factors of 318170?
2, 5, 31817
What are the prime factors of 260522?
2, 130261
What are the prime factors of 13771577?
13771577
List the prime factors of 13996556.
2, 7, 71411
What are the prime factors of 1236677?
13, 251, 379
What are the prime factors of 55722?
2, 3, 37, 251
List the prime factors of 2129549.
2129549
List the prime factors of 5230281.
3, 7, 263, 947
List the prime factors of 834946.
2, 7, 23, 2593
List the prime factors of 142913.
241, 593
List the prime factors of 4214581.
7, 602083
What are the prime factors of 624531?
3, 179, 1163
What are the prime factors of 6497845?
5, 23, 56503
List the prime factors of 14402487.
3, 11, 436439
What are the prime factors of 17076297?
3, 7, 813157
What are the prime factors of 4607033?
4607033
What are the prime factors of 37157054?
2, 11, 1051, 1607
List the prime factors of 6592999.
7, 197, 683
List the prime factors of 2350164.
2, 3, 151, 1297
What are the prime factors of 2182189?
73, 167, 179
What are the prime factors of 126258?
2, 3, 11, 1913
List the prime factors of 33548066.
2, 127, 269, 491
List the prime factors of 33956.
2, 13, 653
List the prime factors of 4483307.
4483307
What are the prime factors of 6779590?
2, 5, 677959
What are the prime factors of 21936764?
2, 5484191
List the prime factors of 226178.
2, 113089
List the prime factors of 44182.
2, 22091
What are the prime factors of 12096413?
7, 23, 75133
List the prime factors of 681667.
7, 97381
List the prime factors of 16962210.
2, 3, 5, 43, 487
List the prime factors of 10134494.
2, 5067247
What are the prime factors of 11119435?
5, 59, 37693
What are the prime factors of 1930181?
11, 227, 773
List the prime factors of 1613249.
11, 17, 8627
What are the prime factors of 523745?
5, 31, 109
List the prime factors of 275195.
5, 23, 2393
What are the prime factors of 400659?
3, 7, 19079
List the prime factors of 1181710.
2, 5, 118171
What are the prime factors of 261244?
2, 241, 271
List the prime factors of 558779.
13, 53, 811
What are the prime factors of 309559?
309559
List the prime factors of 15672175.
5, 626887
What are the prime factors of 37183420?
2, 5, 17, 109363
What are the prime factors of 58514?
2, 17, 1721
List the prime factors of 5609737.
7, 43, 18637
What are the prime factors of 4273885?
5, 7, 11, 17, 653
List the prime factors of 56786.
2, 28393
List the prime factors of 731218.
2, 163, 2243
List the prime factors of 1736861.
7, 281, 883
List the prime factors of 580698.
2, 3, 32261
What are the prime factors of 5804897?
7, 439, 1889
What are the prime factors of 180323?
11, 13, 97
What are the prime factors of 1804523?
7, 5261
What are the prime factors of 301624?
2, 37, 1019
List the prime factors of 155256.
2, 3, 6469
What are the prime factors of 8445156?
2, 3, 703763
What are the prime factors of 10695171?
3, 29, 269, 457
What are the prime factors of 1652382?
2, 3, 41, 2239
What are the prime factors of 11418384?
2, 3, 237883
What are the prime factors of 1374988?
2, 139, 2473
List the prime factors of 491246.
2, 7, 35089
What are the prime factors of 10773221?
233, 46237
List the prime factors of 4085314.
2, 2042657
List the prime factors of 1373215.
5, 23, 11941
List the prime factors of 256197.
3, 23, 47, 79
What are the prime factors of 384935?
5, 167, 461
List the prime factors of 415360.
2, 5, 11, 59
List the prime factors of 614647.
11, 71, 787
What are the prime factors of 6797026?
2, 277, 12269
What are the prime factors of 3859327?
3859327
List the prime factors of 1053772.
2, 263443
List the prime factors of 314114.
2, 157057
What are the prime factors of 276422?
2, 41, 3371
List the prime factors of 6557862.
2, 3, 1092977
What are the prime factors of 2152104?
2, 3, 89671
List the prime factors of 18904608.
2, 3, 41, 1601
What are the prime factors of 676620?
2, 3, 5, 7, 179
List the prime factors of 563407.
13, 19, 2281
List the prime factors of 3133718.
2, 7, 223837
What are the prime factors of 334848?
2, 3, 109
List the prime factors of 99406.
2, 23, 2161
What are the prime factors of 5981749?
5981749
List the prime factors of 2320710.
2, 3, 5, 7, 43, 257
List the prime factors of 587449.
37, 15877
What are the prime factors of 831872?
2, 67, 97
List the prime factors of 1552880.
2, 5, 7, 47, 59
List the prime factors of 11333396.
2, 37, 73, 1049
List the prime factors of 445493.
19, 23447
List the prime factors of 11384.
2, 1423
List the prime factors of 4018691.
599, 6709
List the prime factors of 1332913.
1332913
What are the prime factors of 394028?
2, 98507
List the prime factors of 19084369.
1301, 14669
What are the prime factors of 158149?
167, 947
What are the prime factors of 260827?
7, 5323
List the prime factors of 116574.
2, 3, 19429
What are the prime factors of 3126369?
3, 1042123
List the prime factors of 877360.
2, 5, 11, 997
What are the prime factors of 23056664?
2, 2882083
List the prime factors of 1398857.
709, 1973
List the prime factors of 4232881.
17, 41, 6073
What are the prime factors of 118959?
3, 19, 2087
List the prime factors of 6078019.
881, 6899
What are the prime factors of 9075130?
2, 5, 907513
What are the prime factors of 152288?
2, 4759
List the prime factors of 23124918.
2, 3, 3854153
List the prime factors of 11636476.
2, 2909119
What are the prime factors of 161960?
2, 5, 4049
List the prime factors of 145128.
2, 3, 6047
What are the prime factors of 70840?
2, 5, 7, 11, 23
What are the prime factors of 906054?
2, 3, 151009
What are the prime factors of 6079053?
3, 2026351
List the prime factors of 392155.
5, 107, 733
What are the prime factors of 1648152?
2, 3, 11, 2081
What are the prime factors of 4651612?
2, 7, 23, 31, 233
What are the prime factors of 136482?
2, 3, 23, 43
List the prime factors of 2162947.
2162947
What are the prime factors of 2035771?
29, 70199
List the prime factors of 2650342.
2, 311, 4261
What are the prime factors of 160877?
160877
List the prime factors of 202574.
2, 101287
List the prime factors of 22481929.
157, 143197
List the prime factors of 398676.
2, 3, 33223
What are the prime factors of 173132?
2, 43283
What are the prime factors of 638163?
3, 17, 43, 97
What are the prime factors of 183944?
2, 22993
What are the prime factors of 5938818?
2, 3, 989803
What are the prime factors of 327193?
327193
List the prime factors of 725015.
5, 37, 3919
List the prime factors of 14746565.